{"id":3260,"date":"2022-05-30T17:17:51","date_gmt":"2022-05-30T15:17:51","guid":{"rendered":"https:\/\/projeten.eu\/?page_id=3260"},"modified":"2026-04-09T15:47:47","modified_gmt":"2026-04-09T13:47:47","slug":"3260-2","status":"publish","type":"page","link":"https:\/\/projeten.eu\/?page_id=3260","title":{"rendered":"St\u00e9phane Ghislain Roussel"},"content":{"rendered":"<div class=\"grid kcm\">\n<div class=\"grid__item one-whole portable--auto lap--auto palm--auto top-no-padding bottom-no-padding \">\n<p><img decoding=\"async\" loading=\"lazy\" class=\"alignnone wp-image-3639 size-medium\" src=\"http:\/\/projeten.eu\/wp-content\/uploads\/2026\/04\/Portrait-de-SGRoussel-Copyright-Pit-Reding-DR-200x300.jpg\" alt=\"\" width=\"200\" height=\"300\" srcset=\"https:\/\/projeten.eu\/wp-content\/uploads\/2026\/04\/Portrait-de-SGRoussel-Copyright-Pit-Reding-DR-200x300.jpg 200w, https:\/\/projeten.eu\/wp-content\/uploads\/2026\/04\/Portrait-de-SGRoussel-Copyright-Pit-Reding-DR-684x1024.jpg 684w, https:\/\/projeten.eu\/wp-content\/uploads\/2026\/04\/Portrait-de-SGRoussel-Copyright-Pit-Reding-DR-768x1151.jpg 768w, https:\/\/projeten.eu\/wp-content\/uploads\/2026\/04\/Portrait-de-SGRoussel-Copyright-Pit-Reding-DR-1025x1536.jpg 1025w, https:\/\/projeten.eu\/wp-content\/uploads\/2026\/04\/Portrait-de-SGRoussel-Copyright-Pit-Reding-DR.jpg 1068w\" sizes=\"(max-width: 200px) 100vw, 200px\" \/><\/p>\n<p><span style=\"font-weight: 400;\">Violoniste et musicologue de formation, le belgo-luxembourgeois St\u00e9phane Ghislain Roussel <\/span><span style=\"font-weight: 400;\">est metteur en sc\u00e8ne, dramaturge et commissaire d\u2019exposition ind\u00e9pendant. Apr\u00e8s avoir <\/span><span style=\"font-weight: 400;\">collabor\u00e9 avec de grandes institutions (Mus\u00e9e de la musique \u00e0 Paris, Centre Pompidou, <\/span><span style=\"font-weight: 400;\">Mus\u00e9e du Louvre, Capitole de Toulouse), il est artiste \u00e0 l\u2019Acad\u00e9mie du Festival <\/span><span style=\"font-weight: 400;\">d\u2019Aix-en-Provence en 2018.<\/span><\/p>\n<p><span style=\"font-weight: 400;\">Ses cr\u00e9ations sc\u00e9niques, qui explorent les liens entre musique, arts visuels et corps, ont \u00e9t\u00e9 <\/span><span style=\"font-weight: 400;\">pr\u00e9sent\u00e9es dans de nombreux lieux en Europe (<\/span><i><span style=\"font-weight: 400;\">Monocle, Golden Shower, Le Cri du lustre, <\/span><\/i><i><span style=\"font-weight: 400;\">Drawing on Steve Reich, Snowball, Luonnollisesti<\/span><\/i><span style=\"font-weight: 400;\">\u2026). Tr\u00e8s actif dans le domaine de l\u2019op\u00e9ra, <\/span><span style=\"font-weight: 400;\">il a notamment sign\u00e9 en 2022 la mise en sc\u00e8ne du diptyque <\/span><i><span style=\"font-weight: 400;\">Zu unseren Schwestern, zu <\/span><\/i><i><span style=\"font-weight: 400;\">unseren Br\u00fcdern <\/span><\/i><span style=\"font-weight: 400;\">(cr\u00e9ation mondiale d\u2019Eug\u00e8ne Birman et <\/span><i><span style=\"font-weight: 400;\">Der Kaiser von Atlantis <\/span><\/i><span style=\"font-weight: 400;\">de Viktor <\/span><span style=\"font-weight: 400;\">Ullmann) \u00e0 l\u2019h\u00e9micycle du Parlement europ\u00e9en, au Grand Th\u00e9\u00e2tre de Luxembourg, repris en 2026 au Palais des Nations Unies et \u00e0 la Com\u00e9die de Gen\u00e8ve.<\/span><\/p>\n<p><span style=\"font-weight: 400;\">Fondateur et directeur artistique de PROJETEN (Luxembourg), il est \u00e9galement auteur de <\/span><span style=\"font-weight: 400;\">nombreux textes et laur\u00e9at de bourses d\u2019auteur (Fonds culturel national du Luxembourg, <\/span><span style=\"font-weight: 400;\">SCAM-SACD, Academia Belgica). Conf\u00e9rencier r\u00e9gulier et enseignant (dix ans \u00e0 l\u2019Universit\u00e9 <\/span><span style=\"font-weight: 400;\">d\u2019Essen-Duisburg), il a con\u00e7u le programme pluridisciplinaire de l\u2019\u00c9cole Sup\u00e9rieure d\u2019Art de <\/span><span style=\"font-weight: 400;\">Lorraine et\u00a0 sera Visiting Professor \u00e0 l\u2019Accademia di Belle Arti d\u2019Urbino. Commissaire d\u2019expositions majeures (\u00ab <\/span><i><span style=\"font-weight: 400;\">Op\u00e9ra Monde <\/span><\/i><span style=\"font-weight: 400;\">\u00bb au Centre Pompidou Metz), il co-commissariera en 2027 une exposition sur le \u00ab <\/span><i><span style=\"font-weight: 400;\">Cri <\/span><\/i><span style=\"font-weight: 400;\">\u00bb au FRAC Franche-Comt\u00e9. <\/span><\/p>\n<p><span style=\"font-weight: 400;\">Ses recherches actuelles portent sur l\u2019expansion de l\u2019art total \u00e0 travers les utopies et les rapports sensibles aux \u00e9cosyst\u00e8mes, l\u2019\u00e9criture restant le catalyseur po\u00e9tique et politique de sa d\u00e9marche.<\/span><\/p>\n<p>&nbsp;<\/p>\n<\/div>\n<\/div>\n","protected":false},"excerpt":{"rendered":"<p>Violoniste et musicologue de formation, le belgo-luxembourgeois St\u00e9phane Ghislain Roussel est metteur en sc\u00e8ne, dramaturge et commissaire d\u2019exposition ind\u00e9pendant. Apr\u00e8s avoir collabor\u00e9 avec de grandes institutions (Mus\u00e9e de la musique \u00e0 Paris, Centre Pompidou, Mus\u00e9e du Louvre, Capitole de Toulouse), il est artiste \u00e0 l\u2019Acad\u00e9mie du Festival d\u2019Aix-en-Provence en 2018. Ses cr\u00e9ations sc\u00e9niques, qui explorent [&hellip;]<\/p>\n","protected":false},"author":1,"featured_media":0,"parent":3017,"menu_order":0,"comment_status":"closed","ping_status":"closed","template":"","meta":[],"_links":{"self":[{"href":"https:\/\/projeten.eu\/index.php?rest_route=\/wp\/v2\/pages\/3260"}],"collection":[{"href":"https:\/\/projeten.eu\/index.php?rest_route=\/wp\/v2\/pages"}],"about":[{"href":"https:\/\/projeten.eu\/index.php?rest_route=\/wp\/v2\/types\/page"}],"author":[{"embeddable":true,"href":"https:\/\/projeten.eu\/index.php?rest_route=\/wp\/v2\/users\/1"}],"replies":[{"embeddable":true,"href":"https:\/\/projeten.eu\/index.php?rest_route=%2Fwp%2Fv2%2Fcomments&post=3260"}],"version-history":[{"count":8,"href":"https:\/\/projeten.eu\/index.php?rest_route=\/wp\/v2\/pages\/3260\/revisions"}],"predecessor-version":[{"id":3640,"href":"https:\/\/projeten.eu\/index.php?rest_route=\/wp\/v2\/pages\/3260\/revisions\/3640"}],"up":[{"embeddable":true,"href":"https:\/\/projeten.eu\/index.php?rest_route=\/wp\/v2\/pages\/3017"}],"wp:attachment":[{"href":"https:\/\/projeten.eu\/index.php?rest_route=%2Fwp%2Fv2%2Fmedia&parent=3260"}],"curies":[{"name":"wp","href":"https:\/\/api.w.org\/{rel}","templated":true}]}}

Stéphane Ghislain Roussel

<div class="grid kcm">
<div class="grid__item one-whole portable--auto lap--auto palm--auto top-no-padding bottom-no-padding ">
<p><img decoding="async" loading="lazy" class="alignnone wp-image-3639 size-medium" src="http://projeten.eu/wp-content/uploads/2026/04/Portrait-de-SGRoussel-Copyright-Pit-Reding-DR-200x300.jpg" alt="" width="200" height="300" srcset="https://projeten.eu/wp-content/uploads/2026/04/Portrait-de-SGRoussel-Copyright-Pit-Reding-DR-200x300.jpg 200w, https://projeten.eu/wp-content/uploads/2026/04/Portrait-de-SGRoussel-Copyright-Pit-Reding-DR-684x1024.jpg 684w, https://projeten.eu/wp-content/uploads/2026/04/Portrait-de-SGRoussel-Copyright-Pit-Reding-DR-768x1151.jpg 768w, https://projeten.eu/wp-content/uploads/2026/04/Portrait-de-SGRoussel-Copyright-Pit-Reding-DR-1025x1536.jpg 1025w, https://projeten.eu/wp-content/uploads/2026/04/Portrait-de-SGRoussel-Copyright-Pit-Reding-DR.jpg 1068w" sizes="(max-width: 200px) 100vw, 200px" /></p>
<p><span style="font-weight: 400;">Violoniste et musicologue de formation, le belgo-luxembourgeois Stéphane Ghislain Roussel </span><span style="font-weight: 400;">est metteur en scène, dramaturge et commissaire d’exposition indépendant. Après avoir </span><span style="font-weight: 400;">collaboré avec de grandes institutions (Musée de la musique à Paris, Centre Pompidou, </span><span style="font-weight: 400;">Musée du Louvre, Capitole de Toulouse), il est artiste à l’Académie du Festival </span><span style="font-weight: 400;">d’Aix-en-Provence en 2018.</span></p>
<p><span style="font-weight: 400;">Ses créations scéniques, qui explorent les liens entre musique, arts visuels et corps, ont été </span><span style="font-weight: 400;">présentées dans de nombreux lieux en Europe (</span><i><span style="font-weight: 400;">Monocle, Golden Shower, Le Cri du lustre, </span></i><i><span style="font-weight: 400;">Drawing on Steve Reich, Snowball, Luonnollisesti</span></i><span style="font-weight: 400;">…). Très actif dans le domaine de l’opéra, </span><span style="font-weight: 400;">il a notamment signé en 2022 la mise en scène du diptyque </span><i><span style="font-weight: 400;">Zu unseren Schwestern, zu </span></i><i><span style="font-weight: 400;">unseren Brüdern </span></i><span style="font-weight: 400;">(création mondiale d’Eugène Birman et </span><i><span style="font-weight: 400;">Der Kaiser von Atlantis </span></i><span style="font-weight: 400;">de Viktor </span><span style="font-weight: 400;">Ullmann) à l’hémicycle du Parlement européen, au Grand Théâtre de Luxembourg, repris en 2026 au Palais des Nations Unies et à la Comédie de Genève.</span></p>
<p><span style="font-weight: 400;">Fondateur et directeur artistique de PROJETEN (Luxembourg), il est également auteur de </span><span style="font-weight: 400;">nombreux textes et lauréat de bourses d’auteur (Fonds culturel national du Luxembourg, </span><span style="font-weight: 400;">SCAM-SACD, Academia Belgica). Conférencier régulier et enseignant (dix ans à l’Université </span><span style="font-weight: 400;">d’Essen-Duisburg), il a conçu le programme pluridisciplinaire de l’École Supérieure d’Art de </span><span style="font-weight: 400;">Lorraine et  sera Visiting Professor à l’Accademia di Belle Arti d’Urbino. Commissaire d’expositions majeures (« </span><i><span style="font-weight: 400;">Opéra Monde </span></i><span style="font-weight: 400;">» au Centre Pompidou Metz), il co-commissariera en 2027 une exposition sur le « </span><i><span style="font-weight: 400;">Cri </span></i><span style="font-weight: 400;">» au FRAC Franche-Comté. </span></p>
<p><span style="font-weight: 400;">Ses recherches actuelles portent sur l’expansion de l’art total à travers les utopies et les rapports sensibles aux écosystèmes, l’écriture restant le catalyseur poétique et politique de sa démarche.</span></p>
<p>&nbsp;</p>
</div>
</div>

<p>Violoniste et musicologue de formation, le belgo-luxembourgeois Stéphane Ghislain Roussel est metteur en scène, dramaturge et commissaire d’exposition indépendant. Après avoir collaboré avec de grandes institutions (Musée de la musique à Paris, Centre Pompidou, Musée du Louvre, Capitole de Toulouse), il est artiste à l’Académie du Festival d’Aix-en-Provence en 2018. Ses créations scéniques, qui explorent [&hellip;]</p>
