{"id":2449,"date":"2018-10-17T10:39:35","date_gmt":"2018-10-17T08:39:35","guid":{"rendered":"http:\/\/projeten.eu\/?page_id=2449"},"modified":"2025-03-24T15:26:18","modified_gmt":"2025-03-24T14:26:18","slug":"contact-2","status":"publish","type":"page","link":"https:\/\/projeten.eu\/?page_id=2449","title":{"rendered":"Contact"},"content":{"rendered":"<div class=\"grid kcm\">\n<div class=\"grid__item one-whole portable--auto lap--auto palm--auto\">\n<div class=\"grid__item one-whole portable--auto lap--auto palm--auto\">St\u00e9phane Ghislain Roussel, directeur artistique \u2022 direction.artistique@projeten.eu<\/div>\n<div class=\"grid__item one-whole portable--auto lap--auto palm--auto\">H\u00e9l\u00e8ne Truong Hung-Quang, coordinatrice g\u00e9n\u00e9rale \u2022 +33 6 50 66 25 63 \u2022 coordination@projeten.eu<\/div>\n<div class=\"grid__item one-whole portable--auto lap--auto palm--auto\">Audrey Chazelle, collaboratrice au d\u00e9veloppement \u2022 +33 7 81 80 28 55 \u2022 developpement@projeten.eu<\/div>\n<div><\/div>\n<div><\/div>\n<div class=\"grid__item one-whole portable--auto lap--auto palm--auto\"><span style=\"font-size: 18px;\"> PROJETEN<\/span><\/div>\n<div class=\"grid__item one-whole portable--auto lap--auto palm--auto\"><span style=\"font-size: 18px;\">34, rue du Baumbusch<\/span><\/div>\n<div class=\"grid__item one-whole portable--auto lap--auto palm--auto\"><span style=\"font-size: 18px;\">L-8213 Mamer<\/span><\/div>\n<div class=\"grid__item one-whole portable--auto lap--auto palm--auto\"><span style=\"font-size: 18px;\">Luxembourg<\/span><\/div>\n<div><\/div>\n<div class=\"grid__item one-whole portable--auto lap--auto palm--auto\">\u00a0 ASBL immatricul\u00e9e sous le num\u00e9ro RCS F9130<\/div>\n<div><\/div>\n<div><\/div>\n<div class=\"grid__item one-whole portable--auto lap--auto palm--auto\">\u00a0 S&rsquo;INSCRIRE \u00c0 NOTRE NEWSLETTER<\/div>\n<\/div>\n<\/div>\n","protected":false},"excerpt":{"rendered":"<p>St\u00e9phane Ghislain Roussel, directeur artistique \u2022 direction.artistique@projeten.eu H\u00e9l\u00e8ne Truong Hung-Quang, coordinatrice g\u00e9n\u00e9rale \u2022 +33 6 50 66 25 63 \u2022 coordination@projeten.eu Audrey Chazelle, collaboratrice au d\u00e9veloppement \u2022 +33 7 81 80 28 55 \u2022 developpement@projeten.eu PROJETEN 34, rue du Baumbusch L-8213 Mamer Luxembourg \u00a0 ASBL immatricul\u00e9e sous le num\u00e9ro RCS F9130 \u00a0 S&rsquo;INSCRIRE \u00c0 NOTRE [&hellip;]<\/p>\n","protected":false},"author":1,"featured_media":14,"parent":0,"menu_order":0,"comment_status":"closed","ping_status":"closed","template":"","meta":[],"_links":{"self":[{"href":"https:\/\/projeten.eu\/index.php?rest_route=\/wp\/v2\/pages\/2449"}],"collection":[{"href":"https:\/\/projeten.eu\/index.php?rest_route=\/wp\/v2\/pages"}],"about":[{"href":"https:\/\/projeten.eu\/index.php?rest_route=\/wp\/v2\/types\/page"}],"author":[{"embeddable":true,"href":"https:\/\/projeten.eu\/index.php?rest_route=\/wp\/v2\/users\/1"}],"replies":[{"embeddable":true,"href":"https:\/\/projeten.eu\/index.php?rest_route=%2Fwp%2Fv2%2Fcomments&post=2449"}],"version-history":[{"count":22,"href":"https:\/\/projeten.eu\/index.php?rest_route=\/wp\/v2\/pages\/2449\/revisions"}],"predecessor-version":[{"id":3569,"href":"https:\/\/projeten.eu\/index.php?rest_route=\/wp\/v2\/pages\/2449\/revisions\/3569"}],"wp:featuredmedia":[{"embeddable":true,"href":"https:\/\/projeten.eu\/index.php?rest_route=\/wp\/v2\/media\/14"}],"wp:attachment":[{"href":"https:\/\/projeten.eu\/index.php?rest_route=%2Fwp%2Fv2%2Fmedia&parent=2449"}],"curies":[{"name":"wp","href":"https:\/\/api.w.org\/{rel}","templated":true}]}}

<div class="grid kcm">
<div class="grid__item one-whole portable--auto lap--auto palm--auto">
<div class="grid__item one-whole portable--auto lap--auto palm--auto">Stéphane Ghislain Roussel, directeur artistique • direction.artistique@projeten.eu</div>
<div class="grid__item one-whole portable--auto lap--auto palm--auto">Hélène Truong Hung-Quang, coordinatrice générale • +33 6 50 66 25 63 • coordination@projeten.eu</div>
<div class="grid__item one-whole portable--auto lap--auto palm--auto">Audrey Chazelle, collaboratrice au développement • +33 7 81 80 28 55 • developpement@projeten.eu</div>
<div></div>
<div></div>
<div class="grid__item one-whole portable--auto lap--auto palm--auto"><span style="font-size: 18px;"> PROJETEN</span></div>
<div class="grid__item one-whole portable--auto lap--auto palm--auto"><span style="font-size: 18px;">34, rue du Baumbusch</span></div>
<div class="grid__item one-whole portable--auto lap--auto palm--auto"><span style="font-size: 18px;">L-8213 Mamer</span></div>
<div class="grid__item one-whole portable--auto lap--auto palm--auto"><span style="font-size: 18px;">Luxembourg</span></div>
<div></div>
<div class="grid__item one-whole portable--auto lap--auto palm--auto">  ASBL immatriculée sous le numéro RCS F9130</div>
<div></div>
<div></div>
<div class="grid__item one-whole portable--auto lap--auto palm--auto">  S&rsquo;INSCRIRE À NOTRE NEWSLETTER</div>
</div>
</div>

<p>Stéphane Ghislain Roussel, directeur artistique • direction.artistique@projeten.eu Hélène Truong Hung-Quang, coordinatrice générale • +33 6 50 66 25 63 • coordination@projeten.eu Audrey Chazelle, collaboratrice au développement • +33 7 81 80 28 55 • developpement@projeten.eu PROJETEN 34, rue du Baumbusch L-8213 Mamer Luxembourg   ASBL immatriculée sous le numéro RCS F9130   S&rsquo;INSCRIRE À NOTRE [&hellip;]</p>
